{"id":321,"date":"2024-09-01T11:47:40","date_gmt":"2024-09-01T11:47:40","guid":{"rendered":"https:\/\/vietchurch.net\/giving\/?page_id=321"},"modified":"2024-09-07T07:57:42","modified_gmt":"2024-09-07T07:57:42","slug":"home-dang-hien","status":"publish","type":"page","link":"https:\/\/vietchurch.net\/giving\/","title":{"rendered":"Home &#8211; D\u00e2ng hi\u1ebfn"},"content":{"rendered":"\t\t<div data-elementor-type=\"wp-page\" data-elementor-id=\"321\" class=\"elementor elementor-321\">\n\t\t\t\t\t\t<section class=\"elementor-section elementor-top-section elementor-element elementor-element-3e6b4b1 elementor-section-boxed elementor-section-height-default elementor-section-height-default\" data-id=\"3e6b4b1\" data-element_type=\"section\" data-settings=\"{&quot;background_background&quot;:&quot;classic&quot;}\">\n\t\t\t\t\t\t<div class=\"elementor-container elementor-column-gap-default\">\n\t\t\t\t\t<div class=\"elementor-column elementor-col-66 elementor-top-column elementor-element elementor-element-9297892\" data-id=\"9297892\" data-element_type=\"column\" data-settings=\"{&quot;background_background&quot;:&quot;classic&quot;}\">\n\t\t\t<div class=\"elementor-widget-wrap elementor-element-populated\">\n\t\t\t\t\t\t<div class=\"elementor-element elementor-element-71316df elementor-widget elementor-widget-spacer\" data-id=\"71316df\" data-element_type=\"widget\" data-widget_type=\"spacer.default\">\n\t\t\t\t<div class=\"elementor-widget-container\">\n\t\t\t\t\t\t\t<div class=\"elementor-spacer\">\n\t\t\t<div class=\"elementor-spacer-inner\"><\/div>\n\t\t<\/div>\n\t\t\t\t\t\t<\/div>\n\t\t\t\t<\/div>\n\t\t\t\t<div class=\"elementor-element elementor-element-5eb5643 elementor-widget elementor-widget-spacer\" data-id=\"5eb5643\" data-element_type=\"widget\" data-widget_type=\"spacer.default\">\n\t\t\t\t<div class=\"elementor-widget-container\">\n\t\t\t\t\t\t\t<div class=\"elementor-spacer\">\n\t\t\t<div class=\"elementor-spacer-inner\"><\/div>\n\t\t<\/div>\n\t\t\t\t\t\t<\/div>\n\t\t\t\t<\/div>\n\t\t\t\t<div class=\"elementor-element elementor-element-d7fcc98 elementor-widget elementor-widget-heading\" data-id=\"d7fcc98\" data-element_type=\"widget\" data-widget_type=\"heading.default\">\n\t\t\t\t<div class=\"elementor-widget-container\">\n\t\t\t\t\t<h1 class=\"elementor-heading-title elementor-size-default\">LOVE GIFTS!<\/h1>\t\t\t\t<\/div>\n\t\t\t\t<\/div>\n\t\t\t\t<div class=\"elementor-element elementor-element-bae8c88 elementor-widget elementor-widget-spacer\" data-id=\"bae8c88\" data-element_type=\"widget\" data-widget_type=\"spacer.default\">\n\t\t\t\t<div class=\"elementor-widget-container\">\n\t\t\t\t\t\t\t<div class=\"elementor-spacer\">\n\t\t\t<div class=\"elementor-spacer-inner\"><\/div>\n\t\t<\/div>\n\t\t\t\t\t\t<\/div>\n\t\t\t\t<\/div>\n\t\t\t\t<div class=\"elementor-element elementor-element-36d700d elementor-widget elementor-widget-text-editor\" data-id=\"36d700d\" data-element_type=\"widget\" data-widget_type=\"text-editor.default\">\n\t\t\t\t<div class=\"elementor-widget-container\">\n\t\t\t\t\t\t\t\t\t<p>L\u1eddi c\u1ea7u nguy\u1ec7n v\u00e0 s\u1ef1 h\u1ed7 tr\u1ee3 t\u00e0i ch\u00ednh c\u1ee7a b\u1ea1n gi\u00fap ch\u00fang t\u00f4i mang l\u1ea1i s\u1ef1 d\u1ea1y d\u1ed7 \u0111\u00fang \u0111\u1eafn cho nhi\u1ec1u ng\u01b0\u1eddi h\u01a1n v\u1edbi kho b\u00e1u Ph\u00fac \u00c2m. V\u1edbi m\u1ed7i $20 m\u1ed7i th\u00e1ng b\u1ea1n \u0111\u00f3ng g\u00f3p, ch\u00fang t\u00f4i c\u00f3 th\u1ec3 ti\u1ebfp c\u1eadn th\u00eam 50 ng\u01b0\u1eddi n\u1eefa, cung c\u1ea5p cho h\u1ecd ngu\u1ed3n t\u00e0i nguy\u00ean \u0110\u1ee9c Ch\u00faa Tr\u1eddi l\u00e0 trung t\u00e2m, ph\u1ee5c v\u1ee5 nh\u1eefng ng\u01b0\u1eddi ch\u0103n b\u1ea7y x\u00e2y d\u1ef1ng h\u1ed9i th\u00e1nh kh\u1ecfe m\u1ea1nh, gi\u00fap \u0111\u1ee1 C\u01a1 \u0110\u1ed1c Nh\u00e2n nghi\u00ean c\u1ee9u t\u00e0i li\u1ec7u qua <em><a href=\"https:\/\/vietchurch.net\/tu-dien-than-hoc\/\">T\u1eeb \u0110i\u1ec3n Th\u1ea7n H\u1ecdc Anh-Vi\u1ec7t<\/a><\/em>. B\u1ea1n c\u00f3 s\u1eb5n l\u00f2ng tham gia \u0111\u1ed3ng c\u00f4ng c\u00f9ng ch\u00fang t\u00f4i h\u00e0ng th\u00e1ng kh\u00f4ng?<\/p>\t\t\t\t\t\t\t\t<\/div>\n\t\t\t\t<\/div>\n\t\t\t\t<div class=\"elementor-element elementor-element-ee4e389 elementor-widget elementor-widget-spacer\" data-id=\"ee4e389\" data-element_type=\"widget\" data-widget_type=\"spacer.default\">\n\t\t\t\t<div class=\"elementor-widget-container\">\n\t\t\t\t\t\t\t<div class=\"elementor-spacer\">\n\t\t\t<div class=\"elementor-spacer-inner\"><\/div>\n\t\t<\/div>\n\t\t\t\t\t\t<\/div>\n\t\t\t\t<\/div>\n\t\t\t\t<div class=\"elementor-element elementor-element-be9ffd0 elementor-widget elementor-widget-heading\" data-id=\"be9ffd0\" data-element_type=\"widget\" data-widget_type=\"heading.default\">\n\t\t\t\t<div class=\"elementor-widget-container\">\n\t\t\t\t\t<h1 class=\"elementor-heading-title elementor-size-default\">LOVE GIFTS!<\/h1>\t\t\t\t<\/div>\n\t\t\t\t<\/div>\n\t\t\t\t<div class=\"elementor-element elementor-element-fc25872 elementor-widget elementor-widget-spacer\" data-id=\"fc25872\" data-element_type=\"widget\" data-widget_type=\"spacer.default\">\n\t\t\t\t<div class=\"elementor-widget-container\">\n\t\t\t\t\t\t\t<div class=\"elementor-spacer\">\n\t\t\t<div class=\"elementor-spacer-inner\"><\/div>\n\t\t<\/div>\n\t\t\t\t\t\t<\/div>\n\t\t\t\t<\/div>\n\t\t\t\t<div class=\"elementor-element elementor-element-8fe5a86 elementor-widget elementor-widget-text-editor\" data-id=\"8fe5a86\" data-element_type=\"widget\" data-widget_type=\"text-editor.default\">\n\t\t\t\t<div class=\"elementor-widget-container\">\n\t\t\t\t\t\t\t\t\t<p>Your prayers and financial support help us bring the fullest joy to more people with the treasure of the Gospel. With each $20 you contribute monthly, we can reach an additional 50 people, providing them with God-centered resources, supporting shepherds in building healthy churches, and helping Christians study Bible in English through the English &#8211; Vietnamese Theological Dictionary. Are you willing to join us as a monthly partner?<\/p>\t\t\t\t\t\t\t\t<\/div>\n\t\t\t\t<\/div>\n\t\t\t\t<div class=\"elementor-element elementor-element-3c982a0 elementor-widget elementor-widget-spacer\" data-id=\"3c982a0\" data-element_type=\"widget\" data-widget_type=\"spacer.default\">\n\t\t\t\t<div class=\"elementor-widget-container\">\n\t\t\t\t\t\t\t<div class=\"elementor-spacer\">\n\t\t\t<div class=\"elementor-spacer-inner\"><\/div>\n\t\t<\/div>\n\t\t\t\t\t\t<\/div>\n\t\t\t\t<\/div>\n\t\t\t\t<div class=\"elementor-element elementor-element-df7be4d elementor-widget elementor-widget-spacer\" data-id=\"df7be4d\" data-element_type=\"widget\" data-widget_type=\"spacer.default\">\n\t\t\t\t<div class=\"elementor-widget-container\">\n\t\t\t\t\t\t\t<div class=\"elementor-spacer\">\n\t\t\t<div class=\"elementor-spacer-inner\"><\/div>\n\t\t<\/div>\n\t\t\t\t\t\t<\/div>\n\t\t\t\t<\/div>\n\t\t\t\t\t<\/div>\n\t\t<\/div>\n\t\t\t\t<div class=\"elementor-column elementor-col-33 elementor-top-column elementor-element elementor-element-cf30746\" data-id=\"cf30746\" data-element_type=\"column\" data-settings=\"{&quot;background_background&quot;:&quot;classic&quot;}\">\n\t\t\t<div class=\"elementor-widget-wrap elementor-element-populated\">\n\t\t\t\t\t\t<div class=\"elementor-element elementor-element-f67e340 elementor-widget elementor-widget-spacer\" data-id=\"f67e340\" data-element_type=\"widget\" data-widget_type=\"spacer.default\">\n\t\t\t\t<div class=\"elementor-widget-container\">\n\t\t\t\t\t\t\t<div class=\"elementor-spacer\">\n\t\t\t<div class=\"elementor-spacer-inner\"><\/div>\n\t\t<\/div>\n\t\t\t\t\t\t<\/div>\n\t\t\t\t<\/div>\n\t\t\t\t<div class=\"elementor-element elementor-element-a29bc50 elementor-widget elementor-widget-spacer\" data-id=\"a29bc50\" data-element_type=\"widget\" data-widget_type=\"spacer.default\">\n\t\t\t\t<div class=\"elementor-widget-container\">\n\t\t\t\t\t\t\t<div class=\"elementor-spacer\">\n\t\t\t<div class=\"elementor-spacer-inner\"><\/div>\n\t\t<\/div>\n\t\t\t\t\t\t<\/div>\n\t\t\t\t<\/div>\n\t\t\t\t<div class=\"elementor-element elementor-element-b54c819 elementor-widget elementor-widget-heading\" data-id=\"b54c819\" data-element_type=\"widget\" data-widget_type=\"heading.default\">\n\t\t\t\t<div class=\"elementor-widget-container\">\n\t\t\t\t\t<h1 class=\"elementor-heading-title elementor-size-default\">Thu\u1eadn Ti\u1ec7n H\u01a1n!<\/h1>\t\t\t\t<\/div>\n\t\t\t\t<\/div>\n\t\t\t\t<div class=\"elementor-element elementor-element-80cae98 elementor-widget elementor-widget-spacer\" data-id=\"80cae98\" data-element_type=\"widget\" data-widget_type=\"spacer.default\">\n\t\t\t\t<div class=\"elementor-widget-container\">\n\t\t\t\t\t\t\t<div class=\"elementor-spacer\">\n\t\t\t<div class=\"elementor-spacer-inner\"><\/div>\n\t\t<\/div>\n\t\t\t\t\t\t<\/div>\n\t\t\t\t<\/div>\n\t\t\t\t<div class=\"elementor-element elementor-element-3f71b63 elementor-widget elementor-widget-text-editor\" data-id=\"3f71b63\" data-element_type=\"widget\" data-widget_type=\"text-editor.default\">\n\t\t\t\t<div class=\"elementor-widget-container\">\n\t\t\t\t\t\t\t\t\t<p>Ch\u00fang t\u00f4i \u0111ang ph\u00e1t tri\u1ec3n d\u00e2ng hi\u1ebfn online.<\/p>\t\t\t\t\t\t\t\t<\/div>\n\t\t\t\t<\/div>\n\t\t\t\t<div class=\"elementor-element elementor-element-ad32cf2 elementor-widget elementor-widget-spacer\" data-id=\"ad32cf2\" data-element_type=\"widget\" data-widget_type=\"spacer.default\">\n\t\t\t\t<div class=\"elementor-widget-container\">\n\t\t\t\t\t\t\t<div class=\"elementor-spacer\">\n\t\t\t<div class=\"elementor-spacer-inner\"><\/div>\n\t\t<\/div>\n\t\t\t\t\t\t<\/div>\n\t\t\t\t<\/div>\n\t\t\t\t<div class=\"elementor-element elementor-element-ccc68f0 elementor-widget elementor-widget-heading\" data-id=\"ccc68f0\" data-element_type=\"widget\" data-widget_type=\"heading.default\">\n\t\t\t\t<div class=\"elementor-widget-container\">\n\t\t\t\t\t<h1 class=\"elementor-heading-title elementor-size-default\"><span style=\"font-size: 15px;font-weight: 400\">D\u00e2ng hi\u1ebfn&nbsp;<\/span><span style=\"font-size: 15px;font-family: var( --e-global-typography-primary-font-family ), Sans-serif\"><b>VND<\/b><\/span><span style=\"font-size: 15px;font-weight: 400;font-family: var( --e-global-typography-primary-font-family ), Sans-serif\">&nbsp;<\/span><span style=\"font-family: var( --e-global-typography-primary-font-family ), Sans-serif;font-size: 15px;font-weight: 400\">qu\u00e9t m\u00e3 QR. N\u1ed9i dung: H\u1ecd T\u00ean + Love Gifts Viet Church.<\/span><\/h1>\t\t\t\t<\/div>\n\t\t\t\t<\/div>\n\t\t\t\t<div class=\"elementor-element elementor-element-2571da7 elementor-widget elementor-widget-image\" data-id=\"2571da7\" data-element_type=\"widget\" data-widget_type=\"image.default\">\n\t\t\t\t<div class=\"elementor-widget-container\">\n\t\t\t\t\t\t\t\t\t\t\t\t\t\t\t<img decoding=\"async\" width=\"150\" height=\"150\" src=\"https:\/\/vietchurch.net\/giving\/wp-content\/uploads\/sites\/2\/2024\/09\/IMG_3571-150x150.jpg\" class=\"attachment-thumbnail size-thumbnail wp-image-391\" alt=\"\" srcset=\"https:\/\/vietchurch.net\/giving\/wp-content\/uploads\/sites\/2\/2024\/09\/IMG_3571-150x150.jpg 150w, https:\/\/vietchurch.net\/giving\/wp-content\/uploads\/sites\/2\/2024\/09\/IMG_3571-298x300.jpg 298w, https:\/\/vietchurch.net\/giving\/wp-content\/uploads\/sites\/2\/2024\/09\/IMG_3571-300x300.jpg 300w, https:\/\/vietchurch.net\/giving\/wp-content\/uploads\/sites\/2\/2024\/09\/IMG_3571-60x60.jpg 60w, https:\/\/vietchurch.net\/giving\/wp-content\/uploads\/sites\/2\/2024\/09\/IMG_3571-360x360.jpg 360w, https:\/\/vietchurch.net\/giving\/wp-content\/uploads\/sites\/2\/2024\/09\/IMG_3571-24x24.jpg 24w, https:\/\/vietchurch.net\/giving\/wp-content\/uploads\/sites\/2\/2024\/09\/IMG_3571-36x36.jpg 36w, https:\/\/vietchurch.net\/giving\/wp-content\/uploads\/sites\/2\/2024\/09\/IMG_3571-48x48.jpg 48w, https:\/\/vietchurch.net\/giving\/wp-content\/uploads\/sites\/2\/2024\/09\/IMG_3571-100x100.jpg 100w, https:\/\/vietchurch.net\/giving\/wp-content\/uploads\/sites\/2\/2024\/09\/IMG_3571.jpg 600w\" sizes=\"(max-width: 150px) 100vw, 150px\" \/>\t\t\t\t\t\t\t\t\t\t\t\t\t\t\t<\/div>\n\t\t\t\t<\/div>\n\t\t\t\t<div class=\"elementor-element elementor-element-d8c56e9 elementor-widget elementor-widget-spacer\" data-id=\"d8c56e9\" data-element_type=\"widget\" data-widget_type=\"spacer.default\">\n\t\t\t\t<div class=\"elementor-widget-container\">\n\t\t\t\t\t\t\t<div class=\"elementor-spacer\">\n\t\t\t<div class=\"elementor-spacer-inner\"><\/div>\n\t\t<\/div>\n\t\t\t\t\t\t<\/div>\n\t\t\t\t<\/div>\n\t\t\t\t<div class=\"elementor-element elementor-element-8ebe03a elementor-widget elementor-widget-text-editor\" data-id=\"8ebe03a\" data-element_type=\"widget\" data-widget_type=\"text-editor.default\">\n\t\t\t\t<div class=\"elementor-widget-container\">\n\t\t\t\t\t\t\t\t\t<p>D\u00e2ng hi\u1ebfn <b>USD<\/b> vui l\u00f2ng email v\u1ec1 <i>truyenthong@vietchurch.net<\/i><\/p>\t\t\t\t\t\t\t\t<\/div>\n\t\t\t\t<\/div>\n\t\t\t\t<div class=\"elementor-element elementor-element-dedada4 elementor-widget elementor-widget-spacer\" data-id=\"dedada4\" data-element_type=\"widget\" data-widget_type=\"spacer.default\">\n\t\t\t\t<div class=\"elementor-widget-container\">\n\t\t\t\t\t\t\t<div class=\"elementor-spacer\">\n\t\t\t<div class=\"elementor-spacer-inner\"><\/div>\n\t\t<\/div>\n\t\t\t\t\t\t<\/div>\n\t\t\t\t<\/div>\n\t\t\t\t<div class=\"elementor-element elementor-element-693fa06 elementor-widget elementor-widget-text-editor\" data-id=\"693fa06\" data-element_type=\"widget\" data-widget_type=\"text-editor.default\">\n\t\t\t\t<div class=\"elementor-widget-container\">\n\t\t\t\t\t\t\t\t\t<p><i>** Nh\u1eadn receipt vui l\u00f2ng email v\u1ec1 truyenthong@vietchurch.net<\/i><\/p>\t\t\t\t\t\t\t\t<\/div>\n\t\t\t\t<\/div>\n\t\t\t\t<div class=\"elementor-element elementor-element-38dd919 elementor-widget elementor-widget-spacer\" data-id=\"38dd919\" data-element_type=\"widget\" data-widget_type=\"spacer.default\">\n\t\t\t\t<div class=\"elementor-widget-container\">\n\t\t\t\t\t\t\t<div class=\"elementor-spacer\">\n\t\t\t<div class=\"elementor-spacer-inner\"><\/div>\n\t\t<\/div>\n\t\t\t\t\t\t<\/div>\n\t\t\t\t<\/div>\n\t\t\t\t\t<\/div>\n\t\t<\/div>\n\t\t\t\t\t<\/div>\n\t\t<\/section>\n\t\t\t\t<\/div>\n\t\t","protected":false},"excerpt":{"rendered":"<p>LOVE GIFTS! L\u1eddi c\u1ea7u nguy\u1ec7n v\u00e0 s\u1ef1 h\u1ed7 tr\u1ee3 t\u00e0i ch\u00ednh c\u1ee7a b\u1ea1n gi\u00fap ch\u00fang t\u00f4i mang l\u1ea1i s\u1ef1 d\u1ea1y d\u1ed7 \u0111\u00fang \u0111\u1eafn cho nhi\u1ec1u ng\u01b0\u1eddi h\u01a1n v\u1edbi kho b\u00e1u Ph\u00fac \u00c2m. V\u1edbi m\u1ed7i $20 m\u1ed7i th\u00e1ng b\u1ea1n \u0111\u00f3ng g\u00f3p, ch\u00fang t\u00f4i c\u00f3 th\u1ec3 ti\u1ebfp c\u1eadn th\u00eam 50 ng\u01b0\u1eddi n\u1eefa, cung c\u1ea5p cho h\u1ecd ngu\u1ed3n [&hellip;]<\/p>\n","protected":false},"author":1,"featured_media":0,"parent":0,"menu_order":0,"comment_status":"closed","ping_status":"closed","template":"elementor_header_footer","meta":{"give_campaign_id":0,"_mo_disable_npp":"","footnotes":""},"class_list":["post-321","page","type-page","status-publish","hentry"],"campaignId":"","_links":{"self":[{"href":"https:\/\/vietchurch.net\/giving\/wp-json\/wp\/v2\/pages\/321","targetHints":{"allow":["GET"]}}],"collection":[{"href":"https:\/\/vietchurch.net\/giving\/wp-json\/wp\/v2\/pages"}],"about":[{"href":"https:\/\/vietchurch.net\/giving\/wp-json\/wp\/v2\/types\/page"}],"author":[{"embeddable":true,"href":"https:\/\/vietchurch.net\/giving\/wp-json\/wp\/v2\/users\/1"}],"replies":[{"embeddable":true,"href":"https:\/\/vietchurch.net\/giving\/wp-json\/wp\/v2\/comments?post=321"}],"version-history":[{"count":121,"href":"https:\/\/vietchurch.net\/giving\/wp-json\/wp\/v2\/pages\/321\/revisions"}],"predecessor-version":[{"id":504,"href":"https:\/\/vietchurch.net\/giving\/wp-json\/wp\/v2\/pages\/321\/revisions\/504"}],"wp:attachment":[{"href":"https:\/\/vietchurch.net\/giving\/wp-json\/wp\/v2\/media?parent=321"}],"curies":[{"name":"wp","href":"https:\/\/api.w.org\/{rel}","templated":true}]}}